of n and o.
10
Suppose 4*b - 2*m - 152 = 0, 7*b - 160 = 2*b - 5*m. Calculate the greatest common divisor of b and 54.
18
Suppose 5*d - 53 = -4*x, -3*d + 11 + 24 = 4*x. Suppose -2 = -3*i + 4*o + 2, i + 6 = 5*o. Suppose -g = -5*g + i. Calculate the highest common factor of d and g.
1
Let f = -54 - -80. What is the highest common divisor of f and 39?
13
Let m = 104 - 48. What is the highest common factor of 8 and m?
8
Suppose -5*w = -4*y + 59, 2*y + 5*w = -3*y + 85. Calculate the highest common factor of 128 and y.
16
Let w be (0 - (-2)/3)*9. Let d(g) = 8*g + 6. Let l be d(w). Let s(a) = 3*a - 6. Let o be s(5). What is the greatest common divisor of l and o?
9
Let j(o) = o**2 - o + 9. Let q be j(0). Let a(l) = -5*l**3 + l**2 - 2*l - 3. Let i be a(-2). Calculate the greatest common factor of i and q.
9
Let w = -3 + 11. What is the greatest common divisor of 4 and w?
4
Let w(o) = -o**2 + 28. Suppose 0 = -5*j - 9 - 1, x - 4 = 2*j. Let g be w(x). What is the greatest common factor of g and 7?
7
Let x(t) be the second derivative of 7*t**4/12 + t**3/3 + t**2/2 - 3*t. Let o be x(-1). What is the greatest common factor of o and 66?
6
Let k be (-2)/(-2) - (0 + -1). Let v(z) = -2*z. Let d be v(-2). Suppose -6*q + q = d*x - 12, 0 = -2*q - 8. What is the highest common factor of k and x?
2
Suppose -5*v + 7*v = 420. Let u = -84 + v. What is the greatest common factor of 14 and u?
14
Suppose 4*w = -4*t + 524, 25 = 2*t + 3*t. What is the greatest common divisor of w and 14?
14
Let z(h) = h**3 + 10*h**2 + 9*h + 3. Let g be z(-9). Let v be (2/4)/((-1)/(-2)). Calculate the highest common divisor of v and g.
1
Let q = -13 - -18. Let y = 8 - q. Calculate the highest common divisor of y and 24.
3
Let f = 31 - 3. Suppose -5*c - 24 = -p, -5*p + 5*c = 3*c - f. Suppose 3*z + 3*x = x + 62, -5*x + 105 = 5*z. Calculate the highest common factor of p and z.
4
Let r be 0 - (0 + 4/(-2)). Let m = 4 - 2. Suppose -2*q = m*q - 24. Calculate the highest common divisor of q and r.
2
Suppose 2*o + 29 = s, -3*s + 63 = -s - 3*o. Suppose -s = -3*l + i + 10, 5*i - 11 = -l. Suppose y - l = -y. What is the highest common factor of y and 88?
8
Let a(o) = 6*o**2 - 6. Let s be a(-5). Calculate the greatest common factor of 48 and s.
48
Let o(c) = 3*c**3 + c**2 + 2*c + 3. Let h be (-3 + 1)/(4/6). Let i be o(h). Let d be i/(-6) + 3/(-6). What is the greatest common divisor of 84 and d?
12
Suppose -4*m = -m - 150. Calculate the highest common divisor of 25 and m.
25
Let t be -3 + 3 + -3 + 8. Suppose -2*x + t*r = 11, -5*x = -4*x - r - 2. Calculate the highest common factor of x and 35.
7
Suppose 3*c - 264 = -3*l, -c - 2*c = l - 84. Calculate the highest common factor of 36 and l.
18
Suppose 5*w = -5*v + 70, w - 28 = -3*v + 12. Let a = -4 + 9. Suppose -a*h - 216 = -931. Calculate the highest common factor of h and v.
13
Suppose 80 + 160 = i. Calculate the greatest common factor of i and 96.
48
Let p = -67 + 87. Calculate the greatest common divisor of p and 8.
4
Suppose 0 = -c - c + 2. Calculate the greatest common divisor of c and 8.
1
Let f(x) = -x**2 + 16*x - 28. Let d be f(12). Calculate the highest common factor of 20 and d.
20
Let x(z) = z - 5. Suppose 3*i - 20 = -i + 2*q, -4*q + 44 = 4*i. Let k be x(i). Calculate the highest common divisor of 3 and k.
1
Suppose -2*i = 3*j - 4 + 17, i - 4*j + 34 = 0. Let p(d) = -d**2 - 16*d - 15. Let q be p(i). Calculate the highest common divisor of q and 130.
13
Suppose 42 = 2*n - 3*o - o, -2*o = n - 1. Let k be 2/7 + 75/7. What is the greatest common divisor of k and n?
11
Let u(g) = g**2 + 3*g - 4. Let h be u(-3). Let b be 2 + 1 + 4 + h. Suppose t - 40 = -b*t. What is the highest common factor of t and 80?
10
Suppose 0 = -4*u + 19 + 205. Let q be 325/40 - 1 - (-3)/(-24). Calculate the highest common factor of u and q.
7
Let s(o) = -2*o**3 - 2*o**2 + o + 2. Let h be s(-1). Calculate the highest common divisor of 11 and h.
1
Suppose 12 = -4*f, 5*f + 12 = -0*l - l. Suppose -2*i + 346 = -3*u, -7*u - 344 = -2*i - l*u. Calculate the greatest common factor of i and 16.
16
Let f be 39 + 1 + (2 - 2). Calculate the greatest common factor of f and 10.
10
Let q(z) = z + 4. Let g be q(-4). Suppose g*w = -3*w + 15. Calculate the greatest common divisor of 35 and w.
5
Let g(k) = -9*k - 2. Let o be g(-2). Suppose -t = 2*n + n - 124, 4*n - 172 = -3*t. Let w = n + -8. Calculate the highest common factor of w and o.
16
Let u = 65 - 56. What is the highest common divisor of 9 and u?
9
Let t(p) = 7*p + 14. Let b be t(5). Calculate the greatest common factor of b and 7.
7
Let m = 51 + -15. Suppose 2*y - y - m = 0. Let j be 3/(-6) + 18/4. What is the highest common divisor of y and j?
4
Let v(b) = b**3 + 8*b**2 + 7*b + 8. Let o be v(-6). Suppose -3*k + k = -o. What is the highest common divisor of k and 38?
19
Suppose -o - 27 = 2*s, s - 18 = 2*o + 36. Let c = o - -43. Let u(j) = 8*j**2 - 2*j - 2. Let t be u(3). Calculate the highest common factor of c and t.
16
Suppose -6*h + 84 = -3*h. Let t be (h - (0 + 0))*1. Suppose -3*z + t = -14. What is the greatest common factor of z and 42?
14
Suppose -s + 234 = 47. Suppose h + 528 = 2*d, s = -3*d + 2*h + 979. Suppose b = -4*i + 97, 1 = 5*b - 4. What is the highest common factor of d and i?
24
Let h(n) = 10*n + 4. Let k be h(3). What is the greatest common factor of k and 204?
34
Let r(s) = 2*s + 17. Let z be r(20). Calculate the highest common factor of 19 and z.
19
Let n(i) = -i + 1. Let m(y) = -y**2 - 11*y + 10. Let z(l) = -m(l) + 4*n(l). Let g be z(-12). What is the highest common divisor of g and 6?
6
Suppose 4*k = k + 12. Suppose -32 = -k*p + 40. Calculate the greatest common divisor of 90 and p.
18
Let a(h) = h**2 - h + 6. Let l be a(0). Let g be (2 + 4)/(l/4). Let v = 3 + 7. Calculate the greatest common factor of g and v.
2
Let q(y) = y**3 + 8*y**2 - 8. Let k be q(-6). Suppose -k = -3*c - c. Let t = 22 - c. What is the highest common factor of 2 and t?
2
Suppose -443 = -4*q + t + 83, 5*t = 5*q - 650. Calculate the highest common factor of q and 12.
12
Let u(m) = -m + 2. Let x be u(3). Let d(g) = -29*g**3 + 1. Let c be d(x). Suppose -o - o = -c. Calculate the highest common divisor of o and 15.
15
Let s be (-1)/2 - 1593/(-18). What is the greatest common divisor of 11 and s?
11
Suppose -7*s = -2*s. Let y be 69 - (-1 - s/1). Calculate the greatest common factor of y and 10.
10
Suppose 2*s + 5 + 7 = i, -s = -i + 11. Let g = -16 - -23. Let v = 8 + g. Calculate the greatest common divisor of v and i.
5
Let c(r) = r**3 + 9*r**2 + 3*r - 5. Let q be c(-6). What is the highest common factor of 17 and q?
17
Suppose -v + 5*v = -5*n - 2, -3*n = 2*v + 2. Suppose v*h = 1 + 9. What is the greatest common factor of 5 and h?
5
Let b be 14/2*(-42)/49. Let w be 31 - b/(-2) - 3. What is the highest common divisor of 5 and w?
5
Let a = 369 + -215. Let p be 5*(4/(-5))/1 - -18. Calculate the highest common factor of p and a.
14
Let u(f) = -2*f**2 + 2. Let x be u(-2). Let z be (-4)/14 + (-382)/(-14). Let i be 3*x*(-12)/z. Calculate the greatest common factor of i and 20.
4
Suppose -12*p + 13*p = 22. Calculate the highest common divisor of 198 and p.
22
Suppose 5*x - 154 = 266. Suppose -9 = -2*c + c - 3*i, -i = -2. Suppose d = 5*d + 16, -c*d = 4*a - x. Calculate the greatest common factor of 36 and a.
12
Suppose 54 = 3*q + 3*q. What is the greatest common factor of q and 3?
3
Suppose -2 = 2*f - 62. Let v be (-18)/4*60/(-6). What is the highest common factor of f and v?
15
Let h(x) = -x**2 - 7*x - 5. Let r be h(-7). Let o = r + 14. Let s be (46 - 1)*(0 - -1). Calculate the greatest common divisor of o and s.
9
Let j(z) = -46*z - 2. Let q be j(10). Let c be (-6)/(7/(q/4)). Calculate the highest common factor of 9 and c.
9
Suppose -2*a = p - 2*p - 8, 2*p = -a + 9. Let y be p*6*(-3)/(-12). What is the highest common factor of y and 3?
3
Let a = 47 - -13. What is the greatest common divisor of a and 15?
15
Suppose -14*m + 13*m + 1 = 0. Let y(x) = x**2 + x. Let v be y(0). Let b be (v - 3)*(m - 11). Calculate the highest common divisor of 6 and b.
6
Let n = -473 + 704. Let r be 91/26*(-1 + 7). Calculate the greatest common divisor of r and n.
21
Let t(g) be the first derivative of 5*g**2 + 1. Let y be t(3). What is the highest common divisor of y and 1